when 16 is divided by f?
1
Let s(g) = -6*g + 13. Suppose -4*w - 22 - 18 = 0. Let p = 0 + 25. Calculate the remainder when s(w) is divided by p.
23
What is the remainder when 2/(-19) - (12075/(-95) + 9) is divided by 54?
10
Suppose 1 + 28 = 3*l - v, 5*v = -2*l + 25. Let h(j) = 11*j**2 - 131*j + 257. Calculate the remainder when h(2) is divided by l.
9
Let s(c) = c**2 + 2*c + 1. Let v be s(-2). Calculate the remainder when (0 + -1)*v*-22 is divided by 2/(-4) - (-25)/2.
10
Calculate the remainder when 4/(-14) + (-23409)/(-567) is divided by 32.
9
Suppose 4*p + 0 = 48. Let c(m) = -m**3 + 10*m**2 - 7*m - 11. Let u = 0 - -9. What is the remainder when p is divided by c(u)?
5
Suppose 3*o + 18 = 2*w - 4, 4*w - 80 = -3*o. Suppose 1516*v - 1505*v = 539. Calculate the remainder when v is divided by w.
15
Suppose 6*b = 241 + 1457. Calculate the remainder when b is divided by 59.
47
Let n(i) = -3*i**2 + 9*i + 3. Let z be n(8). Let j = z + 194. What is the remainder when j is divided by 29/(0 - -1) - 3?
25
Let w be ((-6)/(-9))/(1 + (-82)/81). Calculate the remainder when (-2)/(-9) - (43230/w)/11 is divided by 15.
13
Let h(y) = y**2 - 2*y - 4. Let q be (3*(0 + -1))/1. Let b(n) = -n**3 + 23*n**2 - 22*n + 29. Calculate the remainder when b(22) is divided by h(q).
7
Suppose 2*z = -2*d + 174, 9*d + z + 429 = 14*d. Calculate the remainder when d is divided by 30.
26
Let u(z) be the first derivative of 2*z**3/3 + 2*z + 9. Calculate the remainder when -2 - -3 - -50 - 3 is divided by u(2).
8
Let l be (-40)/6*(-15)/(-10). What is the remainder when 84 is divided by ((-116)/l)/(20/50)?
26
Let r be 7/((-7)/(-6))*(-7)/(-7). Calculate the remainder when 73 is divided by (-2)/r - 92*8/(-48).
13
What is the remainder when 22 is divided by -3*(608/12)/(-8)?
3
Let m be 12/(-30) + (-482)/(-5). Let a(l) = 3*l**2 - 4*l - 5. Let q be a(-7). Let f = q - m. What is the remainder when f is divided by 25?
24
Let y = 1003 - 956. What is the remainder when 93 is divided by y?
46
Let c(p) = p**2 - 41*p - 33. Calculate the remainder when 93 is divided by c(42).
3
Let y(r) be the third derivative of r**6/120 + r**5/10 - r**4/8 - 2*r**3/3 + 7*r**2. Calculate the remainder when (-81)/4*8/(-3) is divided by y(-6).
12
Let w = -22 - -21. Calculate the remainder when (-70)/w + (-8 - -6) is divided by 1*(13 + (-3)/(-3)).
12
Suppose -4 + 27 = k. Calculate the remainder when 134 is divided by k.
19
Suppose -3*x = -5*y - 9, -2*x + 8 - 2 = 0. Suppose y*r + 94 = 2*r. Calculate the remainder when r is divided by 16.
15
Let v = -277 + 360. What is the remainder when 163 is divided by v?
80
Let l = 27 + 15. Let k = 160 + 74. Calculate the remainder when 10 is divided by 3/7 + k/l.
4
Let y(f) = -53*f - 727. Let b = -39 - -125. Calculate the remainder when b is divided by y(-14).
11
Let s(p) = -p**2 + 21*p + 91. Calculate the remainder when s(24) is divided by 9.
1
Suppose 28*n = -12*n + 11560. Calculate the remainder when n is divided by 97.
95
Let s(r) = 4*r**2 + 3*r - 6. Suppose -55*y + 9*y + 1886 = 0. Calculate the remainder when s(-5) is divided by y.
38
Let k(v) = -v**3 - 27*v**2 - 29*v - 64. Let y be k(-26). Suppose 67 = 3*n - y. What is the remainder when 100 is divided by n?
19
Suppose 0*r = 3*r + 9. Let t = 12 - r. Calculate the remainder when t is divided by -4*(0 - 1 - 0).
3
Let k be (-4)/16 - 17/(-4). Suppose -v - k*c = -13, c = 2*v + 10 - 45. Let z(x) = -x**2 + x + 9. What is the remainder when v is divided by z(0)?
8
Let f(o) = -o**3 + 11*o**2 - 2*o + 14. Calculate the remainder when f(10) is divided by 13.
3
Suppose -j - j = -88. Suppose 0 = 2*b + 2*b - j. What is the remainder when 19 is divided by b?
8
Suppose -27 = -2*g + 3*i, -57 = -4*g - 0*i + 3*i. Let y(h) = -5*h**2 + 5*h + 4. Let z be y(-3). Let k = 1 - z. Calculate the remainder when k is divided by g.
12
Let p(y) = -2*y - 36. Let a be p(-15). Calculate the remainder when 47 is divided by (-4)/a*(22 - 4).
11
Suppose -14 = -2*q - 10. Suppose -20 = 5*s, -q*v + 6*v = 5*s + 204. Calculate the remainder when 227 is divided by v.
43
Let k be ((-33)/9 + 3)*-6. Suppose -2*m + k = 0, -o - m = -0*m - 20. Calculate the remainder when 34 is divided by o.
16
Let w = -600 - -624. Suppose 0 = 4*s + 363 - 1435. Suppose -125 = -3*n + n + 5*i, -4*i = -4*n + s. What is the remainder when n is divided by w?
22
Suppose 2*g - k - 730 = 701, -3*g = -2*k - 2148. Calculate the remainder when g is divided by 65.
64
Suppose -314*p - 1043 = -321*p. What is the remainder when p is divided by 13?
6
What is the remainder when -1*(-855 + 8/(-2)) is divided by 96?
91
Let c(b) = -15*b + 22. What is the remainder when c(-9) is divided by 27?
22
Let p(j) = -j**3 - 39*j**2 - 37*j + 70. What is the remainder when 119 is divided by p(-38)?
23
Let f = 111 - 88. Let t(a) = a**3 - 3*a**2 - a. Let g be t(-2). Let x = f + g. What is the remainder when 8 is divided by x?
3
Let i(l) = -16*l + 669. What is the remainder when 371 is divided by i(36)?
92
Let g = -463 - -567. What is the remainder when g is divided by 57?
47
Let w be 10 + (-9 - (1 - 5)). Suppose -3*v = 3, w*v + 21 = 2*u - 164. Suppose l + 2 = 33. Calculate the remainder when u is divided by l.
28
Let r = 28 - 22. Suppose -463 = -r*n + 17. What is the remainder when n is divided by 41?
39
Suppose -9*s + 2988 + 1728 = 0. What is the remainder when s is divided by 33?
29
Suppose -3*l - 185 = -5*p, -l + 3*l = 10. What is the remainder when 68 is divided by (-1)/((-4 - (-148)/p)/3)?
8
Let o(f) = -f - 11. Let w be o(-14). Suppose -w + 18 = -5*h. Calculate the remainder when 49 + (-3 - (1 + h)) is divided by 25.
23
Suppose -4*v - 19 = o - 319, o + 375 = 5*v. Calculate the remainder when 220 is divided by v.
70
Let v(l) = -4*l - 1. Let q be v(-1). Suppose -36 = -3*c + 5*j, q*j + 6 = j. What is the remainder when 40 is divided by c?
5
Let l = 44 - 35. Calculate the remainder when (-168)/(-5) + (-8)/(-20) is divided by l.
7
Let g(t) = 3*t**3 - 3*t**2 + 2*t. Let w = -842 + 885. Calculate the remainder when w is divided by g(2).
11
Let o(j) = j**3 + j**2 + 7*j - 24. What is the remainder when o(7) is divided by 35?
32
Let x = -25 - 2. Let i = x - -46. What is the remainder when (-1 + 0)/((-2)/110) is divided by i?
17
Suppose 9*b + 432 = 17*b. Calculate the remainder when b is divided by 14.
12
Suppose -4 = 5*r - r. Let o be (r - 0)*(-2 - -1). Calculate the remainder when 5 is divided by 0 + o - 4/(-4).
1
Suppose 5 + 13 = 3*q. Let f be 13/(-2)*(-16 - -4). Suppose f + 18 = 6*k. What is the remainder when k is divided by q?
4
Suppose 0 = -5*q - 5*m + 845, 166 = 11*q - 10*q - 2*m. What is the remainder when q is divided by 9?
6
Let h(w) = -w**2 + 2*w + 141. Calculate the remainder when 335 is divided by h(12).
20
Let h = -24 - -33. Let t be 57/6 - 1/2. Let o = 24 - t. What is the remainder when o is divided by h?
6
Suppose -b = -4*p - 25, 2*b + p - 14 = -3*p. Let h = 0 + -4. What is the remainder when b/(2/h + 1) is divided by 9?
8
Let j = -5 - -9. Suppose 0 = -4*m - j - 40. Let x(q) = -q**3 - 12*q**2 - 13*q. Calculate the remainder when 63 is divided by x(m).
19
Suppose l - 1 - 2 = 0. Suppose 5*d - 440 = 4*y, l*y - 7*y = -3*d + 272. Let f = d - 52. Calculate the remainder when f is divided by 12.
8
Let v = 2128 - 1977. Calculate the remainder when v is divided by 13.
8
Let g = -70 + 166. Suppose -36 + g = 5*w. Suppose -20*t = -36*t + 720. Calculate the remainder when t is divided by w.
9
Let n = 536 - 515. Calculate the remainder when 62 is divided by n.
20
Suppose 3*j - 123 = -18. Calculate the remainder when 133 is divided by j.
28
Suppose 2*s - 146 = 56. Suppose 0 = 3*n + 2*n - 130. Calculate the remainder when s is divided by n.
23
Let b(o) = 8*o**2 - 1. Let l be b(-1). Suppose -6*v = -l*v + 22. Calculate the remainder when 65 is divided by v.
21
Let a = -11 + -11. Let x = a + 25. Suppose 138 = x*u + 4*w, u = -0*w - 2*w + 48. Calculate the remainder when u is divided by 11.
9
Let s(v) = v**2 + 7*v + 6. What is the remainder when s(-7) is divided by (5/(-2))/((-8)/32*2)?
1
Suppose a = 4 - 2. Suppose 0 = 2*l - 0*l + 2*v + 16, 0 = -5*l + 4*v - 13. Let o(g) = -g + 2. Calculate the remainder when o(l) is divided by a.
1
Let q be ((-50)/5 + 1)/(-3 + 2). Suppose 0 = q*k - 3*k - 1074. What is the remainder when k is divided by